rue
Let w = 61441 - -286878. Is w a prime number?
False
Let u(j) = 3743*j - 1967. Is u(18) a prime number?
True
Suppose -10568878 = 119*n + 19*n - 44270824. Is n a prime number?
True
Suppose -3*o + o = k - 11, o - k - 1 = 0. Suppose -58*l + 14910 = -23*l. Suppose 0 = -o*x + 2*x + l. Is x prime?
False
Suppose 2*l = 4*j - 12, 9*l + 4 = 11*l. Let c(m) = -8*m**2 - 11 + 2*m**2 + 11*m**2 + 32*m**3. Is c(j) prime?
False
Let u(y) = 7220*y**3 + y**2 - 5*y + 3. Let b(r) = -11*r - 63. Let m be b(-12). Let v = m - 68. Is u(v) prime?
True
Let v(m) = -m**3 + 98*m**2 - 267*m + 97. Is v(47) prime?
True
Suppose -2*l - 4*z - 481 = 5, -3*l = -2*z + 721. Let k = l - -16982. Is k prime?
True
Is (-6 - -1)/(1/(-677)) a prime number?
False
Let d = 154814 - -16797. Is d a prime number?
False
Let w be 12 - 3 - (-13)/(-13). Let g(d) = 945*d + 61. Is g(w) a composite number?
False
Let n = -20683 - -84806. Is n a prime number?
True
Suppose -50*n - 1621907 = -57*n. Is n a composite number?
False
Is 4044348/315 + 1/(-5) a composite number?
True
Suppose 0 = 127*m + 20008412 - 85831369. Is m a composite number?
False
Suppose -p - k = -21988 - 37556, -5*p = -5*k - 297710. Is p a composite number?
True
Let v(d) = 412*d - 29. Let r(x) = -x - 2. Let n(u) = 3*r(u) - v(u). Is n(-8) a composite number?
False
Let x = 955 + -953. Suppose 18*h - 20022 = -d + 17*h, 40046 = x*d + 4*h. Is d composite?
False
Let u(s) = 3*s - 28. Let o be u(11). Suppose -o*n = -5 + 5. Suppose -16*j + 13*j + 573 = n. Is j a composite number?
False
Let x = 373 - 367. Is 2/(12/(-10007))*(x - 12) a composite number?
False
Let v(l) = 1122*l + 755. Is v(23) prime?
True
Let i = 57144 - -32095. Is i composite?
True
Suppose -2*r + 3641 = -2369. Suppose 0 = 2*s - v - r, 5*s - 5097 = 5*v + 2423. Suppose -10*u + 1429 + s = 0. Is u a prime number?
True
Let a = 113295 - 68678. Is a a composite number?
False
Let m = -16326 + 9619. Let u = -1206 - m. Is u composite?
False
Suppose -5*w + 12279 = 2*h, 4*w - 24528 = 9*h - 13*h. Suppose -2*q = 2*z + 4952, 0 = 4*q + 5*z - 0*z + 9900. Let c = q + h. Is c prime?
False
Let d be (-354)/(-10) + (70/25)/(-7). Is 346935/d + -1 + (-11)/(-7) composite?
True
Let f be 2/3 + 160/(-6). Let b = 25 + f. Is 553 + b + (-7 - -8) a composite number?
True
Let x(a) = 498894*a**2 + 104*a + 99. Is x(-1) prime?
False
Let l(m) = 3*m**3 + m**2 - 3*m - 1. Suppose -2*v + 2*a = 14, 5*v + 30 = -0*v + 4*a. Let d be l(v). Is 2/6 - 2380/d prime?
False
Let l = 4123 + -2107. Let a = -505 + l. Is a a prime number?
True
Let z(h) = 18*h**3 - 11*h**2 + 87*h + 19. Is z(39) a prime number?
True
Let g(r) = -4*r + 0 - 29*r**2 - 2 + 1 + 334*r**2. Let k be g(-2). Suppose 0 = 3*v + w + 3*w - k, -5*v - w = -2062. Is v a prime number?
False
Is 393/1310 - (-1120581)/30 a prime number?
False
Suppose -107 = 5*s + 663. Let h = 281 + s. Is h prime?
True
Let z(i) be the third derivative of i**5/10 - 7*i**4/24 + 22*i**3/3 + i**2 + 22. Is z(9) composite?
False
Let r be 4/(2/(-1)*1/(-31)). Let i = -89 + r. Is (12/i)/2 + (-41710)/(-18) a composite number?
True
Let j(s) = -s + 35. Let a be j(6). Suppose 0 = -28*m + a*m - 1795. Is m a composite number?
True
Let w = -20 - -24. Suppose -2*h - 2*z = -2522, -2*h - z + 1862 = -656. Suppose w*f - h = f. Is f a prime number?
True
Is (-7162490)/40*16/(-4) prime?
True
Let w = -442 - -2083. Let p = w - 872. Is p composite?
False
Let l be (0/2)/(-1*(3 + -4)). Suppose l = 6*g - 9229 - 39617. Is g composite?
True
Let x(s) = 5*s**3 - 379*s**2 - 75*s + 137. Is x(78) composite?
False
Suppose 4*z + s - 4*s - 25 = 0, 3*s = -9. Suppose -5*j + 2288 = -9762. Is (z/(-5))/((24/j)/(-6)) a composite number?
True
Suppose 12 = -6*u + 2*u + 5*r, 12 = 3*r. Suppose 3*k = -x + 7445, u*x = 5*k + 5*x - 12411. Suppose -5*s + k = 416. Is s prime?
False
Let r(b) = -b - 5. Let w be r(-4). Let p(z) = -8*z**3 - 4*z - 3. Let i be p(w). Is 9284/5 + i/45 a composite number?
True
Suppose -c = 194*q - 197*q + 489926, 5*c = 4*q - 653253. Is q a prime number?
True
Let s(n) = 149*n**3 + 9*n**2 - 26*n + 503. Is s(21) composite?
True
Is (-479840)/(-128)*1136/20 a prime number?
False
Suppose 0 = -5*l + 3*s + 4945, -103*l - 2*s = -106*l + 2967. Is l a composite number?
True
Let k be 26*(-1)/(-6)*(-6474)/(-26). Let z = 2148 - k. Is z prime?
True
Suppose -16*r - j = -18*r + 3040, 4560 = 3*r - 3*j. Let i = -54 + r. Is i prime?
False
Suppose -h = l - 10641, 3*l = h - 4000 - 6633. Is h prime?
True
Suppose 2*n = -0*n + 196. Let r(u) = 34 - 23*u**2 - 37 + n*u**2 + 3*u + 37*u**2. Is r(-2) prime?
True
Let m(v) = 646*v**2 - 5*v + 5. Let s = -259 + 261. Is m(s) composite?
False
Let p be (-90)/11 + 8 + (-3848682)/(-11). Suppose -18*f + p = 22*f. Is f a composite number?
False
Is 22/6*3024531/33 composite?
False
Suppose 2*z = 5*t - t + 566, -6 = -2*z. Let q be (-2)/(-10) - 21/t*-8. Is (2 + q/2)/(9/4434) prime?
True
Let j = -272953 + 473326. Is j a composite number?
True
Is (-2 - (-96)/8) + 10233 composite?
False
Suppose 3*b - a - 3*a + 43 = 0, -3*b - 49 = -a. Let n(x) = -3*x**3 + 9*x**2 + 25*x + 6. Is n(b) composite?
False
Let w(y) be the third derivative of 47*y**5/20 + y**4 - 7*y**3/6 + 271*y**2. Is w(-4) composite?
False
Suppose -r - 4 = -4*f - 0, 3*r - 3*f = -12. Is (r + 1)/(21/(-50519) + 0) prime?
False
Suppose 69214575 = 67*w - 0*w + 8*w. Is w prime?
True
Let z(i) be the second derivative of i**4/12 + 19*i**3/6 + 6*i**2 + 28*i. Let j be z(-19). Is (4/j)/((-1)/(-1173)) composite?
True
Suppose 0 = -16*h - 635495 + 6276887. Is h a composite number?
True
Let v be (-7115925)/(-165) + 0 + (-4)/(-22). Suppose -2*c + 2*b - 4*b + 21560 = 0, 3*b + v = 4*c. Is c composite?
False
Let a be 6964/(7 - 5)*1. Suppose i - 6*i - 3*v + 17494 = 0, i - 5*v - a = 0. Is i composite?
True
Let d(c) = 38*c**3 + 4*c**2 - 3*c + 2. Suppose -15 = -6*r + r. Let h be d(r). Suppose 0 = -25*w + 20*w + h. Is w a prime number?
True
Suppose 89*p - 47*p = 44*p - 822. Is p prime?
False
Let q(f) = 28*f**2 - 5*f - 3. Let l be q(4). Let s = 1750 + -1744. Suppose -s*t + l = -t. Is t a prime number?
False
Suppose 8408 = -3*p + 2*o, -7*p + 11*p + 11206 = -2*o. Let h = -549 - p. Is h composite?
True
Let u(g) = -2*g**3 + 12*g**2 - 107*g + 199. Is u(-42) composite?
True
Suppose -k = -8 - 15. Let z = -17 + k. Is 7/(-7) + 117*z composite?
False
Let f(d) = 4307*d + 1811. Is f(6) prime?
True
Suppose -178955 = -5*z - 3*u, 2*z - 3*u = -10884 + 82466. Is z composite?
True
Let a(p) = -430*p**3 + 21*p**2 + p - 65. Is a(-9) composite?
False
Suppose -3*g - 195*g - 11*g = -33238733. Is g a composite number?
True
Suppose -21*i + 9*i + 7730676 = 0. Is i composite?
True
Let x be 6/(-4) + -9 + (-5)/(-2). Is 1195110/80 - 1/x a prime number?
True
Suppose -7*u = -5*u - 2*a + 2, -5*u - 2*a + 23 = 0. Suppose 3*k - 2361 = -u*o, -o - 3*o + 3935 = 5*k. Is k a composite number?
False
Suppose 4*h - 5 = -2*p - p, 5 = 5*h + 5*p. Suppose 52 = -128*j + 132*j - 2*i, 6 = -i. Suppose -5*r + 7385 = j*y - 5*y, 5908 = 4*r + h*y. Is r composite?
True
Suppose -12673951 = -58*c + 14005179. Is c a composite number?
True
Let k = -97741 + 223838. Is k prime?
True
Let z = 24 - 25. Let n be 2205/6 - z/2. Let f = 553 - n. Is f prime?
False
Suppose v - 4 = -1. Suppose -5*k - 7*k = -k. Suppose 1167 = v*g - k*g. Is g a composite number?
False
Let i = 296643 - 186838. Is i composite?
True
Let w be -182*(423/(-6))/3. Suppose 3*g - 23926 = -4*g. Suppose 0*q + 4*q - g = 2*s, -w = -5*q + 4*s. Is q composite?
False
Suppose -87*v = -10*v - 2350887. Is v a prime number?
False
Let j = 80750 + -25391. Suppose -12507 - j = -6*g. Is g composite?
False
Suppose -281*m + 285*m = -3*j + 807412, -3*j + 1009265 = 5*m. Is m a composite number?
True
Suppose 37*g - 1335700 = 3144889. Is g a composite number?
True
Let b(w) = -682*w**3 + 4*w**2 + 9*w + 28. Let i be b(-3). Suppose -i = -5*o - 2*s, 0 = 3*o - 7*o + 4*s + 14772. Is o a prime number?
True
Suppose r + 6450 = -5*l + 4*r, 5*r - 3854 = 3*l. Is (338/(-39))/(2/l) composite?
True
Suppose -118485*q - 591863 = -118486*q. Is q composite?
False
Let f(o) = -2*o**3 + 49*o**2 - 24*o + 6. Let d be f(24). Is d/(-8) - 115914/(-24) prime?
False
Let m(n) = 18*n**2 + 92*n + 29. Is m(36) prime?
True
Let u(l) = -2*l + 26*l**2 + 2*l - 3*l + 24 + 0*l**2. Is u(-11) composite?
False
Let z(g) = -g**3 - 16*g**2 - 4*g + 12